(w). Let u(k) = 11*k + 1. What is the tens digit of u(h)?
1
Let s = -3 + -1. Let q = s + 8. Let o = q + 2. What is the units digit of o?
6
Let t(y) = y**2 + 10*y + 21. What is the units digit of t(-8)?
5
Let v(y) = y**2 + y + 3. Let f(k) = -k**2 + 2*k. Let q be f(3). What is the units digit of v(q)?
9
Let a = 49 + -27. What is the units digit of a?
2
Suppose -3*j + 32 = -34. Suppose -z + p + 9 = 0, 4*z + p = j + 9. What is the units digit of z?
8
Let w(f) = -2*f - 12. Suppose 0 = -2*q - 2 - 0. Let p be (-3)/6*(-18)/q. What is the units digit of w(p)?
6
Suppose 1 = -4*p + 21. Suppose -2*b = p*d - 197, 5*d - 200 = -8*b + 3*b. What is the tens digit of d?
3
Suppose -8*r - 5*k + 85 = -3*r, 69 = 2*r - 5*k. What is the units digit of r?
2
Suppose -4*v + 146 = -v - s, -5*s = 10. Suppose -4*i + 8 = -v. What is the tens digit of i?
1
Let w(j) = -7 + 1 - 2*j + 0*j. What is the units digit of w(-5)?
4
Suppose 5*r - 10 = -0. Suppose 22 = w + 5*j, -j = r*w - 9 - 17. What is the units digit of w?
2
Suppose -i - 50 = -b - 4*b, 5*b - 55 = 2*i. Suppose w = 3*g - 5*g + b, -w - 5 = -5*g. Suppose 0*x - w = -x. What is the units digit of x?
5
Suppose -4*c = o + 11 + 11, -3*o = c. Let n = 10 - c. What is the tens digit of n?
1
Suppose 0 = 4*d + 3*h - 53, -d - 4*h - 3 = -0*d. What is the tens digit of d?
1
Suppose 4*c - 17 = 3*i, 3*c + 3*i + 1 = -2. Let k(y) = 2*y**2 - 2*y - 1. Let j be k(c). Suppose -j*s + 6 = -45. What is the tens digit of s?
1
Let b be (-6)/27 - (-112)/18. Suppose 0 = 2*q - 3*z - 47, -3*z - b - 9 = 0. What is the tens digit of q?
1
Let y(b) = -5*b**2 - 17*b + 10. Let p(a) = a**2 + a. Let h(q) = -4*p(q) - y(q). What is the tens digit of h(-15)?
2
Let z(n) = -n + 34. What is the units digit of z(16)?
8
Suppose -5*r - 7 = -27. Suppose 0*a + 10 = 2*a + 2*i, -2*a - i = -8. Let d = r - a. What is the units digit of d?
1
Let g(f) = -f**2 + 2*f + 1. Let w be g(6). Suppose 4*v - 2 = -14, -4*v = -3*d - 33. Let c = d - w. What is the units digit of c?
8
Suppose -608 = -5*z - 3*z. What is the units digit of z?
6
Let g be 90/5*(-1 + 2). Suppose 0 = -2*v - v + g. What is the units digit of v?
6
Suppose 0 = -3*v - 27. Suppose -k = 2*w - 32, 5*k + 5 = -w + 2*w. Let o = w + v. What is the units digit of o?
6
Suppose 5*s + l + 31 = 0, -2*s - l - 3 = -s. What is the units digit of (-1)/((7/2)/s)?
2
Let q = -4 + 3. Let t be 10/35 + 40/7. What is the units digit of -1 + t + -1 + q?
3
Let h = 3 - 0. Suppose -u + h = -0. What is the units digit of u?
3
Suppose 22 = b - 27. What is the units digit of b/4 + (-21)/(-28)?
3
Suppose 0 = 5*c - 6 - 4. Suppose -4*j + c*j = -22. What is the tens digit of j?
1
Let y be (-8)/5 + 2/(-5). Let l = -1 - y. What is the units digit of l?
1
Suppose -2*s + 6*s + 2*m = 230, 0 = -3*s - 4*m + 180. What is the tens digit of s?
5
Let z be 7/3 + (-14)/(-21). Suppose -58 - 4 = -4*a - 5*w, -5*w - 64 = -z*a. What is the tens digit of a?
1
Let n be 2*(-2 + 3) + 2. Suppose -h + 56 = 2*t, -n*t - 4*h + 96 = -6*h. What is the tens digit of t?
2
Suppose l = -f + 201, 0*f + 372 = 2*l - 4*f. What is the tens digit of l?
9
Suppose -2*s - 24 = -6*s. Let k(l) = l - 4. What is the units digit of k(s)?
2
Let o(q) = -4*q. Let a be o(2). Let t = 6 + a. What is the units digit of 5 + 2/4*t?
4
Let r = 0 + 2. What is the units digit of 2/r - (1 + -4)?
4
Let j(k) = k**2 + 4*k. Let m be j(-5). Let v = 1 + m. What is the units digit of v?
6
Let j(m) = -7*m. Let q = -3 + 5. Suppose 5*y = 3*y - q. What is the units digit of j(y)?
7
Let v be (-1 - (-3 + 0)) + 2. Let y(u) = u**2 + 0 - 2*u - 2 + 1 - v*u. What is the units digit of y(7)?
6
Let v = 85 + -54. Let s = v + -20. What is the units digit of s?
1
Let y(a) = a**3 + 6*a**2 + 4*a + 5. Let i be y(-4). What is the units digit of i/5 - 3/15?
4
Let d be (-1284)/(-14) + 10/35. Suppose 4*u - 8*u + 156 = 5*i, 3*i = -4*u + d. What is the units digit of ((-3)/(-4))/(4/i)?
6
Let k = 146 + -71. What is the units digit of k?
5
Let k = -42 + 74. What is the tens digit of k?
3
Suppose -d = -5*a + 45 - 421, 5*a + 20 = 0. What is the tens digit of d?
5
Let a(i) = i**2 - 3*i - 7. Let b be a(5). Let s(o) = -o + 6. Let m be s(5). What is the tens digit of 2 + m + (16 - b)?
1
Suppose -s + 5*d = -205, -4*s + 3*d = 2*d - 744. What is the tens digit of s?
8
Let j be (-4)/6*(3 + -6). Suppose -17 = -l - 4*f - f, j*l - 22 = 2*f. What is the units digit of l?
2
Let b be (-1 - 45)*-1 - 2. Suppose 4*x + b = 6*x. What is the tens digit of x?
2
Suppose 0 = -g + 3*g - 4. Suppose 0*x - 20 = -g*d - 4*x, -3*x = d - 13. Suppose 0*y + d*y = 4. What is the units digit of y?
1
Let k(h) = h**2 - 3*h - 1. Let i be k(4). Suppose -i*w + 7 = 31. Let o = 5 - w. What is the units digit of o?
3
Let f(t) = -8*t + 8. Let o(u) = 9*u - 9. Let l(z) = -7*f(z) - 6*o(z). Suppose 1 + 3 = 2*h. What is the units digit of l(h)?
2
Let z = -28 - -107. What is the units digit of z?
9
Let a = -322 - -637. What is the units digit of a?
5
Let a(i) = 12*i**2 - 13*i + 3. What is the tens digit of a(6)?
5
Suppose 0*k + k = 5*s + 51, -25 = 2*s - 5*k. Let n be s/(-8)*-1*-4. Suppose -4*p + n*f = -33, 0 = 4*f - 11 + 31. What is the units digit of p?
2
Let v(y) = -3*y**3 + y**2 + y. Let g be v(-1). Let j be (-9)/(-2)*4/g. What is the units digit of (j - 2) + (3 - 2)?
5
Let b = 4 - -30. Suppose -4*r = b + 30. Let x = r - -25. What is the units digit of x?
9
Let t = -15 + 28. Suppose -5*u = a - 14, 2 + 1 = 2*u + 3*a. Suppose -1 = u*p - r - t, p - 18 = 5*r. What is the units digit of p?
3
Suppose 5*h - 304 = -3*j + 275, 3*j = -h + 111. What is the hundreds digit of h?
1
Let c(g) = 44*g**2 - g. What is the tens digit of c(-1)?
4
Let p = 3 + 1. Suppose -p*w + 2*w = -170. Suppose 4*s - 5*c = -s + w, 45 = 5*s + 5*c. What is the tens digit of s?
1
Let j = 40 - -12. Suppose -5*a = 2*d - 37, -3*a + 5*d - 5 = -j. Let r = a - 3. What is the units digit of r?
6
Let a be 2/8 - 49/(-28). Suppose 88 = a*z + 2*z. Suppose c = -c - 3*g + z, -2 = g. What is the tens digit of c?
1
What is the hundreds digit of 1912/18 - ((-175)/63 + 3)?
1
Suppose 0 = 360*b - 356*b - 140. What is the tens digit of b?
3
Suppose 3*l + 4 = 55. Suppose 5*k = 0, 0 = i - 5*k - 27 - l. What is the units digit of i?
4
Let p be (4/(-10))/((-1)/5). Let d(o) be the first derivative of o**3/3 + o**2 - o + 1. What is the units digit of d(p)?
7
Let a(x) = -x**3 - x**2 + 5*x + 6. Let v(h) = -5*h**3 + h**2. Let i be v(1). What is the tens digit of a(i)?
3
Let i(t) = -t**2 + 9*t - 17. Let q be i(7). Let a(p) = -2*p + 6. What is the tens digit of a(q)?
1
Let s(x) = -x**3 + x**2 - x - 1. Let w be s(0). Let y be (-120)/18*w*3. Suppose g = 2*p - 0*p - 9, 0 = 4*p - y. What is the units digit of g?
1
Suppose 33*f - 30*f - 63 = 0. What is the units digit of f?
1
Let z(a) = a**2 - 3*a - 3. Let p be z(3). Let l be 87/(-2) - p/(-6). What is the units digit of (-8)/l + 53/11?
5
Suppose 3*z - 8 = 2*o, -3 = -5*z + o + 8. Suppose 8 = s - z. What is the tens digit of s?
1
What is the units digit of (3 - 2) + (3 + -4)*-29?
0
Let w(x) = 12*x**2 + 7*x + 11. What is the tens digit of w(-3)?
9
Let q(m) = 64*m - 1. What is the tens digit of q(1)?
6
Let j be (0 + 1 + -8)*-7. Let g = -33 + j. What is the tens digit of g?
1
Let z(w) = 8*w - 2. Let o be z(1). Suppose -o*y + y + 155 = 0. What is the units digit of y?
1
Suppose 3*b - b + 14 = 0. Let x = -3 - b. Suppose -x*n + 44 = 5*o, 5*o - 5*n - 34 = 1. What is the units digit of o?
8
Let v(y) = 2*y**2 - 8*y - 2. Let a be v(6). Suppose -3*o - 2 = -4*o. Suppose 3*n - n - 9 = b, -5*n = -o*b - a. What is the units digit of n?
4
Suppose -x + 2*r = -83, x - 48 = 3*r + 38. What is the tens digit of x?
7
Let h(x) = 2*x**3 - 3*x**2 - 8*x - 21. What is the tens digit of h(6)?
5
Let w = -390 - -591. What is the tens digit of w?
0
Suppose -25 = -5*h, 2*j - 28 - 11 = -5*h. Let u be (-4)/14 + 2/j. What is the units digit of u + (-1 - 0) + 7?
6
Let q(r) = -r - 9. Let n be q(-12). Suppose -4*j + 3*b = 6*b - 80, -n*b - 12 = 0. What is the tens digit of j?
2
Let o = -3 + 3. Suppose o = j - 3*j + 4. What is the units digit of j?
2
Let n(s) = s + 1. Let x be n(4). Suppose 53 = 2*c - 5*r, x*c - r - 25 = 50. What is the units digit of c?
4
Suppose -3*m - 29 = a - 104, a = 2*m + 65. What is the units digit of a?
9
Suppose 4*a - 113 = 